 c is divided by a.
7
Let g = -15 + 9. Let w = -6 - g. Suppose v - 19 = -3*k, w*v = 5*v - 5*k - 115. Calculate the remainder when v is divided by 8.
6
Suppose -2*y + 2 = -4. Suppose -11*n + 10*n = -1. Calculate the remainder when y is divided by n.
0
Suppose 11*v - 7*v = 24. What is the remainder when 16 is divided by v?
4
Let v = -4 + 31. Let m = -5 - -12. What is the remainder when v is divided by m?
6
Suppose 4*p = 6*p + 30. Let l = p + 30. What is the remainder when 27 is divided by l?
12
Let v = 298 + -212. Let u = 66 + -44. What is the remainder when v is divided by u?
20
What is the remainder when (12/(-18))/(4/(-246)) is divided by 14?
13
Let o(a) = -a**2 - a + 16. Let l be o(0). Suppose 0 = v - i - l - 7, -6 = -3*i. Suppose -2*z + v = -21. What is the remainder when z is divided by 12?
11
Suppose -2*m = -5*z + 3*m + 15, -6 = -2*z + m. Let n be (z/(-4))/(3/24). Calculate the remainder when (320/n)/(-4)*3 is divided by 14.
12
Let h(i) = -i**2 - 4*i + 3. Let o be h(-4). Let c = 8 - 5. Let u = o + c. What is the remainder when 10 is divided by u?
4
Let s be -3*1/6*-6. Suppose 0 = -s*j - 3*l + 3, 2*l = -4*j + 3*j - 3. What is the remainder when 14 is divided by j?
4
Suppose i = -i + 2*s + 54, -i + 5*s + 43 = 0. Suppose -5*c = -5*y - i - 7, -y = 4*c - 9. Calculate the remainder when 10 is divided by c.
1
Suppose 3*a - 17 + 5 = 0. Calculate the remainder when 13 is divided by a.
1
Calculate the remainder when 61/(-4)*(-2 - 2) is divided by (-30 - 4/2)/(-2).
13
Let b be (0 + 8)*(-1)/(-2). Calculate the remainder when (b/(-3))/(10/(-75)) is divided by 6.
4
Suppose 11 = -4*q + 5*d, -q - d = d - 7. Let v(p) = 4*p - 27. Calculate the remainder when v(7) is divided by q.
0
Calculate the remainder when -3 + 4/1 - -10 is divided by 7.
4
Let c = -64 - -43. Suppose -4*h = h - 95. What is the remainder when (-57)/(-1) - (22 + c) is divided by h?
18
Suppose 5*p + 2*g - 20 = 3*g, 3*g = -4*p + 16. Suppose p*w = -2*v + 20, 3*v + 3*w - 28 = -w. Let a = -38 + 61. What is the remainder when a is divided by v?
7
Suppose -k + 6 = 2*o + 30, -4*k = -3*o - 58. Let h = o + -8. Let i = h - -34. What is the remainder when 35 is divided by i?
11
Let q = -16 + 22. Let j(m) = -m**2 - 21*m + 41. What is the remainder when j(-22) is divided by q?
1
Let s(d) = d**2 - 4*d + 2. Let w = -10 + 2. Let y = w + 13. Calculate the remainder when s(y) is divided by 4.
3
Suppose 0 = -5*z + 17 - 2. Let n(g) = -g**2 - 6*g - 4. Let t be n(-4). Suppose -k + 11 = t. Calculate the remainder when k is divided by z.
1
Suppose 0 = 4*g - 4*h - 87 - 137, -4*h + 4 = 0. Calculate the remainder when g is divided by 15.
12
Let o = 115 - 5. Let s be -108*(8/(-3))/4. Let y = o - s. What is the remainder when y is divided by 10?
8
Suppose -33 = -4*s - 2*m + 1, 2*s - 2*m = 20. What is the remainder when 51 is divided by s?
6
Suppose 3*s + 1 = 5*w - 4, 4*s + 5*w = -65. Let l(k) = k**2 + 10*k + 3. What is the remainder when 7 is divided by l(s)?
1
Suppose f = -f + 30. What is the remainder when 28 is divided by f?
13
Suppose 2*c - 8 = 0, c = 3*i - 4*c - 97. Let b(h) = -h**3 + 7*h**2 - 3*h + 2. What is the remainder when i is divided by b(6)?
19
Suppose 0 = -2*u - 5*y + 144 - 34, -4*y - 74 = -2*u. Let i(z) = z**3 + 3*z - 2. Suppose x + 6 = 4*x. Calculate the remainder when u is divided by i(x).
9
Let d(r) = -26*r**2 + 6*r + 28*r**2 + 4 - 3*r. Calculate the remainder when d(-3) is divided by 6 + -2 + (-2)/(-2).
3
Let b = 33 + -27. Calculate the remainder when 19 is divided by b.
1
Suppose 2*b = -4*t + t + 38, 39 = 3*t + 3*b. Calculate the remainder when 34 is divided by t.
10
What is the remainder when 115 is divided by ((-6)/(-18))/((-3)/(-261))?
28
Suppose -5*i = 30 - 5. Let h(m) = m**3 + 6*m**2 + 2*m - 6. Calculate the remainder when 16 is divided by h(i).
7
Suppose -3*m = -8*m - 5*w + 40, 3*m = -2*w + 19. Suppose 0 = -5*z + m*z + 8. Calculate the remainder when z is divided by 3.
1
Let f = 88 + -46. What is the remainder when 165 is divided by f?
39
Let f(c) = -c**3 - c**2 - c + 54. What is the remainder when f(0) is divided by 14?
12
Let m(z) = -z**3 - 5*z**2 - 6*z - 6. Let f be m(-4). Suppose 0*u - f*u = -8. Suppose 0 = -u*r + 2*r + 2. Calculate the remainder when r is divided by 1.
0
Let m(g) = 1 + 19*g - 5 + 3. Let d = 1 - -1. Calculate the remainder when m(d) is divided by 13.
11
Let p = 28 - 6. Calculate the remainder when 64 is divided by p.
20
Suppose k = 5*c - 3*c + 3, 5*c = k - 6. Suppose 9 = 5*q - 91. Let t = q - k. Calculate the remainder when t is divided by 10.
9
Let q = -3 - -9. Suppose 4 = -f + q. Suppose -3*o = 4*y - 20, -o = f*y - 3*y - 2. What is the remainder when 6 is divided by o?
2
Suppose -3*j = -2*v - j + 20, -4*v - j = -20. Calculate the remainder when 20 is divided by v.
2
Suppose 5*h + 2*b - 11 = 0, -2*h + 7*h - 5*b = 25. Suppose a - c - 13 = 0, -3*a - a - h*c = -73. Calculate the remainder when 1/2*2 + 30 is divided by a.
15
Let z(h) = 2*h**2 + 2*h - 1. Suppose -2*u - 2 = -u. Calculate the remainder when 4 is divided by z(u).
1
Let t(r) = 3*r. Calculate the remainder when 21 is divided by t(4).
9
Let q(d) = 2 - 39*d**2 + 36*d**2 + 1 + d**3 + 2*d. Suppose 4*k - 10 = 2*i, -3*k = 6*i - i - 27. Calculate the remainder when 17 is divided by q(i).
8
Suppose 5*q = -4*a + 37, a - 4*q + 5*q = 8. Suppose -a*d = 3 - 81. Let s = d - 10. What is the remainder when 46 is divided by s?
14
Suppose 2*y - 72 = 42. Let j = 106 - y. Suppose s - 2*i + 40 = 3*s, 0 = 2*s - i - 31. Calculate the remainder when j is divided by s.
15
Suppose -3*f = 2*n - 15, -2*n + 12 = -3*f - 21. What is the remainder when n is divided by 5?
2
Calculate the remainder when ((-2)/4)/(2/(-20)) is divided by 4.
1
Let y = 8 - -105. What is the remainder when y is divided by 38?
37
Let c = 34 + -31. What is the remainder when (1/(-2))/(1/(-14)) is divided by c?
1
Suppose 4*a = 4*x + 120, -3*x = -3*a - 4*x + 82. Calculate the remainder when a is divided by 16.
12
Let j = 14 - 11. What is the remainder when 10 is divided by j?
1
Suppose 0 = 4*v + 4, 4*d + 17 = 4*v + 85. Calculate the remainder when 41 is divided by d.
9
What is the remainder when 26 is divided by (-130)/(-15) + (-2)/(-6)?
8
Let n = -3 + 9. Let g(f) = f**2 + 4. What is the remainder when g(n) is divided by 21?
19
Suppose -3*k = -9 + 39. Let t(j) = -j**3 - 9*j**2 + 7*j - 8. Calculate the remainder when t(k) is divided by 12.
10
Let j = 5 + -4. Suppose 10 = b - j. What is the remainder when b is divided by 7?
4
What is the remainder when 30 is divided by (-6)/2*4/(-12)*3?
0
Suppose 0 = b - 2 + 4. Let l(d) = -31*d - 37. What is the remainder when b/(-7) - 668/(-14) is divided by l(-2)?
23
Let j(r) = r. Let i(u) = 2*u - 2. Let h(l) = -i(l) - 3*j(l). What is the remainder when h(-3) is divided by 9?
8
Let k be (1/(-3))/((-1)/18). Let l be 25/(-9) - k/27. What is the remainder when l/(3 - 144/46) is divided by 8?
7
Suppose m + 5*k + 0*k = 87, -4*k = 4*m - 396. Calculate the remainder when m is divided by 54.
48
What is the remainder when ((-5)/(-10) + -4)*-18 is divided by 6?
3
Suppose -3*m - h = -83, -3*h - 2 = -17. Suppose -4*d - 10 + 46 = 0. What is the remainder when m is divided by d?
8
Let f be (-11)/(1 + -2*1). Let q = f + 8. Calculate the remainder when q is divided by 10.
9
Let p(s) = 6*s - 20. Suppose 2*q - 2 = 5*g + 24, -5*g = q + 17. What is the remainder when p(7) is divided by -12*((-2)/g)/(-1)?
4
Suppose -4*z + 1 = -11. Let d(f) = -f**2 - 15*f - 17. Let j be d(-14). Let t = 2 - j. Calculate the remainder when t is divided by z.
2
Let q(c) = c. Suppose 0 = 5*f - 7 + 2. Suppose 2*o - 3*o = -f. What is the remainder when q(1) is divided by o?
0
Let a(x) = -x**2 - x + 19. Suppose 0 = -3*u - 0*u. Calculate the remainder when a(u) is divided by 10.
9
Let l = -1 - -9. Let x(q) = q**3 - 8*q**2 + q + 10. What is the remainder when x(l) is divided by 7?
4
Suppose -5*z + 33 = -32. Let h = z - 2. What is the remainder when h is divided by 7?
4
Let u(a) = a + 10. Let p be u(-8). Suppose -p*v + 4 = -12. What is the remainder when 13 is divided by v?
5
Let p = -5 - -9. Suppose 3*s - 2*o + p = 0, 4 + 3 = -2*s - 3*o. Calculate the remainder when 18 is divided by (-272)/(-28) - s/7.
8
Let y(i) = -i**2 + 14*i - 18. What is the remainder when 23 is divided by y(1